 k be -3 - (-5 + (4 - 2)). Suppose 69 = -k*l + 3*l + i, -57 = -2*l + 3*i. What is the units digit of l?
4
Let o = -11 + -23. Let l = o - -56. What is the units digit of l?
2
Let x(v) = v**3 + v**2 + 7. Let g be x(0). Suppose -3*j + 196 = -g*j. What is the tens digit of (-2)/(-3) - j/3?
1
Let n(l) = 62*l + 3. Let o be n(-4). Let y = -17 - -13. What is the units digit of 2/y + o/(-14)?
7
Let p(w) = -w**3 - 17*w**2 + 14*w + 25. What is the tens digit of p(-18)?
9
Let m = 5 + -3. Let y(r) = -r**2 + 6*r - 7. Let k(p) = p**2 - 5*p + 6. Let g(f) = 5*k(f) + 4*y(f). What is the units digit of g(m)?
4
What is the units digit of -111*(4/12)/(-1)?
7
Suppose 3*n - 43 - 20 = -2*g, 2*n + 3*g = 47. What is the units digit of n?
9
Let v(u) = u**3 - 2*u - 5*u**2 + 1 + 2*u. Let y be (10/3)/((-4)/(-6)). What is the units digit of v(y)?
1
Let f = 2 + -2. Suppose 2*v - 6 - 10 = f. What is the units digit of v?
8
Suppose 9 = 3*f - 6. Suppose -f*r = u - 94, 2*r - 75 = -2*r - u. What is the units digit of r?
9
Suppose -2*g + g + 49 = 0. What is the tens digit of g?
4
Let r = -6 + 9. Suppose 4*p - 3*v - 3 = 0, r*v + 4 = p - v. Suppose o = 4*o + 3*l + 12, -4*o - 5*l - 21 = p. What is the units digit of o?
1
Let s(i) = 2*i**2 + 5*i + 5. What is the tens digit of s(-5)?
3
Suppose -5*q - 2*a = -356, -3*q + 25 = -5*a - 170. Suppose 3*z = 41 + q. What is the tens digit of z?
3
Let b(r) = r + 7. Let y be b(-9). What is the units digit of (y - -56) + (-3 - 0)?
1
Let i(x) = 2*x**2 + 13*x - 10. What is the tens digit of i(-11)?
8
Suppose 0 = -3*t - 4*g + 33, 2*t - 81 = -3*t + 2*g. Let s = 8 - t. Let a(l) = -l + 2. What is the units digit of a(s)?
9
Let k(v) = v**2. Let x be k(-2). Suppose z - 102 = x*z. What is the units digit of (-2)/6 - z/3?
1
Let n(a) = -4*a + 2*a + 0*a + a**2 + 3*a. What is the units digit of n(-5)?
0
Suppose 28 = -x + 3*x. What is the tens digit of x?
1
Let d = 0 - -2. Suppose 3*c - 24 = -3*a - 0*c, a - c + d = 0. What is the units digit of a?
3
Let g(a) = a + 17. Let y be g(0). Let v = -12 + y. Suppose 0 = -v*j + 10 + 20. What is the units digit of j?
6
Let a(u) = -u**2 + 29*u + 7. What is the hundreds digit of a(12)?
2
Suppose 0 = -3*q + 308 - 89. What is the units digit of q?
3
Let k(c) = -2*c**2 - 7*c - 4. Let o be k(-4). Let i(r) = -r + 4. What is the tens digit of i(o)?
1
Let b = 164 - 97. What is the tens digit of b?
6
Let l(w) = -w - 2. Let f be l(5). Let s = 10 + f. What is the units digit of s?
3
Let q(y) = y**3 + 6*y**2 - 8*y - 5. Let i be q(-7). Let d(p) = 4*p**i + 3 + 3*p - 3. What is the tens digit of d(-2)?
1
Let a(c) = 30*c + 3. What is the tens digit of a(2)?
6
Suppose c - 381 = 2*i - 4*i, -5*c - 3*i = -1891. What is the tens digit of c?
7
Suppose 4*q + 2 = -x, -5*q = 4*x + 7 + 12. Let y(w) = w**2 + 2*w - 7. What is the units digit of y(x)?
7
Let w(l) = 3*l**3 - l**2 - 2*l + 1. Let x be w(2). Let y = -7 + x. What is the units digit of y?
0
Let u(w) = -15*w - 42. What is the units digit of u(-6)?
8
Let l(d) = 4*d. What is the tens digit of l(4)?
1
Let r(t) = -t**3 - 19*t**2 - 21*t + 43. What is the units digit of r(-18)?
7
Let j(w) = w**2 + 9*w + 3. Let b be j(-10). Let s = -27 - -19. Let k = b + s. What is the units digit of k?
5
Suppose -5*v = 3*i - 210, v + 2*v = -2*i + 139. Let n = -34 + i. Suppose 21 + n = 4*m. What is the tens digit of m?
1
Suppose -3*a - 5*g + 46 = 0, 5*g + 2 + 3 = 0. What is the tens digit of a?
1
Let i(l) = -l**3 - 2*l**2. Let h be i(-2). Suppose h*b - 4*b = 5*k - 94, 5*b = -4*k + 68. Suppose 0 = 4*x - 50 + k. What is the units digit of x?
7
What is the units digit of ((-656)/24)/((-2)/3)?
1
Suppose 20 = -5*m, 5*j - 4*m + 4 + 0 = 0. What is the tens digit of 467/15 + j/30?
3
Suppose -199 = -5*o + 56. What is the tens digit of o?
5
Let a(y) = y**2 + 8*y + 7. Let u be a(-5). Let n(m) = -2*m - 3. What is the units digit of n(u)?
3
Let t = 5 - 0. Suppose -p = 5*o - 22, -t*p + o - 6*o + 30 = 0. Suppose p*g = 2 + 8. What is the units digit of g?
5
Let q(w) = -w - 1. Let o(l) = -l**2 + 12*l - 3. Let t(i) = o(i) + 3*q(i). What is the tens digit of t(3)?
1
Let f = -249 - -475. What is the tens digit of f?
2
Let s = 40 - 15. Suppose 3*d - 8*d + s = 0. What is the units digit of d?
5
Let a(y) = -3*y - 1. Let g be a(1). Let m = 7 + g. What is the units digit of (m/(-6))/(2/(-16))?
4
Let m(f) = f**3 + 8*f - 2*f + f**2 - 10*f**2 - 7. What is the tens digit of m(9)?
4
Suppose 1 = -2*v + 17. Let m be 3*(v + -1*2). Suppose -n = 2*n - m. What is the units digit of n?
6
Suppose 4*z + 5*d = -27, z - 5*d - 21 = -9. What is the tens digit of (-40)/z - 3/9?
1
Suppose 4*b + 3*q = 194, b = 5*q - 10 + 70. What is the tens digit of b?
5
Suppose z + m + 2 = 0, 2*z + 3*m + 14 = 3*z. Let f(g) = -g**3 + 3*g - 1. Let a be f(z). Let k = a + 7. What is the units digit of k?
4
Let p be (-9)/(-3) + -1*3. Suppose o + o - 12 = p. Suppose d - o = -2. What is the units digit of d?
4
Suppose -4*y = 2*c - 5*y - 6, 2*y = 2*c - 8. Suppose -1 = -c*t - 7. Let j(m) = -m. What is the units digit of j(t)?
3
Suppose 2*t - 69 + 9 = 0. Suppose -2*v + 5*v = t. What is the tens digit of v?
1
Let c(h) = h**3 - 6*h**2 - 8*h + 7. Let z be c(7). Suppose -4*n + n + 27 = z. What is the units digit of n?
9
Let d be (-1)/(-3)*(2 - -4). Let i(t) = 0*t + 7 + t - 2*t**d + 3*t**2. What is the units digit of i(0)?
7
What is the units digit of (63 - 11) + 0/(-1) + 1?
3
Let q = -3 + 1. Let k be (-16)/(-40) + q/5. Suppose 0 = 3*u + a + a - 5, k = -2*u + 4*a - 2. What is the units digit of u?
1
Let f(k) be the first derivative of 2*k**3/3 + k**2/2 - 2*k + 2. What is the tens digit of f(3)?
1
Suppose -z + 70 = -r - 2*r, -4*z + r + 313 = 0. What is the units digit of z?
9
Let h(i) = 4*i**2 - 9*i + 9. Let w(y) = 5*y**2 - 10*y + 10. Let x(o) = -4*h(o) + 3*w(o). What is the units digit of x(4)?
2
Let j = 18 - 9. Let i be 2/3 + 210/j. Suppose -4*h = -0*h - i. What is the units digit of h?
6
Suppose 2*y - 2 = 4*r, 4*y + 2 = -r - 3. What is the units digit of (-19)/r - (1 - 3)?
1
Let j be (-1 - 0)/((-2)/10). Let i be 26 + j/((-5)/(-2)). Suppose -4*o - z = -31, 0 = o + 4*z - i + 9. What is the units digit of o?
7
Suppose 0 = y + 4*k - 31, -k - 3*k + 53 = 3*y. What is the tens digit of y?
1
Let j(c) be the third derivative of c**5/30 - c**3/6 + 4*c**2. What is the units digit of j(-2)?
7
What is the hundreds digit of 1704/10 + -2 - 30/75?
1
Suppose 2 = -4*s - 6. Let b(a) = -4*a**3 + a**2 + 2*a - 1. Let g be b(s). Suppose -4*f + g + 25 = 0. What is the units digit of f?
4
Let v(f) = f**3 + 4*f**2 + 3*f + 1. Let o = 9 - 11. Let b be v(o). Suppose -3*r = 5*d - 6, -b*r - 3*d = -9 + 3. What is the units digit of r?
2
Suppose 2 = 5*g - 268. What is the tens digit of g?
5
Suppose 0 = 2*y + 2*k - 2 - 4, 24 = 5*y + 2*k. Let b = y + -10. What is the units digit of ((-2)/b)/((-1)/(-6))?
3
Suppose x = -5*g + 6*x + 210, 3*g = -4*x + 161. What is the units digit of g?
7
Let x(d) = -2*d + 4 + 5 + 2 + 1. What is the units digit of x(-5)?
2
Suppose -15 = -4*z + 81. Let o = z + -17. Suppose 3*c = -3*q + 6, 0 = -4*c + o*q - 2*q - 1. What is the units digit of c?
1
Let s = 32 - -10. What is the units digit of -1*(s/(-3))/1?
4
Suppose -23 = -p - 8. What is the units digit of ((-6)/4)/(p/(-20))?
2
Suppose -99 = -0*q - 3*q. Suppose -3*z = -21 - q. What is the units digit of z?
8
Let t(r) = 3 - 3*r + 2*r - r + 0*r. What is the units digit of t(-4)?
1
Let z = 12 + -2. Suppose -z = -4*d - d. Suppose -4*a - d*o - 1 = -25, 0 = -4*a + 4*o + 12. What is the units digit of a?
5
Let u = 115 + -67. What is the units digit of u?
8
Let x = 56 + -29. What is the units digit of x?
7
Let j be (-3)/(-6)*(-4)/(-1). What is the tens digit of 20/25*45/j?
1
Suppose w = -4*k + k - 12, -22 = -4*w + 2*k. Suppose 0*t - w = n + 2*t, 3*n = 4*t + 11. What is the units digit of n?
1
Let n(q) = q**3 - 8*q**2 - 10*q + 4. Let i be 2 + -2 - (-1 - 8). Let l be n(i). Let k(j) = -2*j - 7. What is the units digit of k(l)?
3
Let u(y) = -y**3 + 6*y**2 + 7*y + 4. Let i be u(7). Suppose i + 2 = 3*p. What is the units digit of p?
2
Let g be -2 - (-6 + 3)/(-3). Let n be (-2)/g*(-1 - -4). Suppose 3*q = n*q + 1. What is the units digit of q?
1
Let i = 5 + -5. Suppose i = -2*a - a + 21. Let q = -5 + a. What is the units digit of q?
2
Let x(u) be the third d